n 6302 is divided by 1834?
800
Calculate the remainder when 4108391 is divided by 8.
7
What is the remainder when 26815 is divided by 45?
40
What is the remainder when 67793 is divided by 267?
242
Calculate the remainder when 775223 is divided by 38.
23
What is the remainder when 37627 is divided by 18617?
393
Calculate the remainder when 2210 is divided by 40.
10
Calculate the remainder when 834 is divided by 137.
12
What is the remainder when 578100 is divided by 833?
831
What is the remainder when 26962 is divided by 2449?
23
What is the remainder when 52911 is divided by 5?
1
What is the remainder when 106347 is divided by 41?
34
Calculate the remainder when 79802 is divided by 10.
2
What is the remainder when 170559 is divided by 20?
19
What is the remainder when 2625 is divided by 169?
90
Calculate the remainder when 41656 is divided by 508.
0
What is the remainder when 18851 is divided by 42?
35
Calculate the remainder when 901880 is divided by 34.
30
Calculate the remainder when 3302 is divided by 453.
131
What is the remainder when 12682 is divided by 5834?
1014
What is the remainder when 38557 is divided by 22?
13
Calculate the remainder when 54736 is divided by 431.
430
What is the remainder when 38968 is divided by 322?
6
What is the remainder when 153114 is divided by 321?
318
What is the remainder when 1469802 is divided by 13?
9
What is the remainder when 93970 is divided by 75?
70
Calculate the remainder when 17911 is divided by 4472.
23
What is the remainder when 64783 is divided by 64656?
127
What is the remainder when 1246 is divided by 507?
232
Calculate the remainder when 129169 is divided by 138.
1
Calculate the remainder when 1771 is divided by 297.
286
What is the remainder when 30215 is divided by 207?
200
What is the remainder when 2668 is divided by 2658?
10
What is the remainder when 51718 is divided by 60?
58
Calculate the remainder when 417 is divided by 247.
170
Calculate the remainder when 16405 is divided by 304.
293
Calculate the remainder when 46779 is divided by 51.
12
Calculate the remainder when 19728 is divided by 19728.
0
Calculate the remainder when 3695 is divided by 333.
32
What is the remainder when 1293 is divided by 157?
37
What is the remainder when 1290 is divided by 587?
116
Calculate the remainder when 9291 is divided by 9285.
6
Calculate the remainder when 13785 is divided by 511.
499
What is the remainder when 46545 is divided by 7757?
3
Calculate the remainder when 60160 is divided by 103.
8
What is the remainder when 1142 is divided by 64?
54
What is the remainder when 154550 is divided by 796?
126
Calculate the remainder when 1927 is divided by 58.
13
What is the remainder when 1712 is divided by 564?
20
Calculate the remainder when 9050 is divided by 2262.
2
What is the remainder when 193641 is divided by 38?
31
Calculate the remainder when 16084 is divided by 7802.
480
Calculate the remainder when 46172 is divided by 29.
4
What is the remainder when 19743 is divided by 9864?
15
Calculate the remainder when 833 is divided by 183.
101
What is the remainder when 8362 is divided by 58?
10
Calculate the remainder when 16864 is divided by 2809.
10
What is the remainder when 3964 is divided by 85?
54
Calculate the remainder when 18604 is divided by 180.
64
What is the remainder when 1973 is divided by 1398?
575
What is the remainder when 23152 is divided by 53?
44
Calculate the remainder when 2028 is divided by 506.
4
Calculate the remainder when 620 is divided by 249.
122
Calculate the remainder when 1669529 is divided by 68.
61
Calculate the remainder when 129528 is divided by 367.
344
What is the remainder when 12427 is divided by 21?
16
Calculate the remainder when 80411 is divided by 638.
23
What is the remainder when 100608 is divided by 21?
18
What is the remainder when 8550 is divided by 1712?
1702
Calculate the remainder when 13525 is divided by 2252.
13
What is the remainder when 830 is divided by 105?
95
Calculate the remainder when 449700 is divided by 87.
84
What is the remainder when 34019 is divided by 67?
50
What is the remainder when 18175 is divided by 698?
27
What is the remainder when 130781 is divided by 268?
265
Calculate the remainder when 96319 is divided by 140.
139
What is the remainder when 841569 is divided by 97?
94
What is the remainder when 9243 is divided by 837?
36
What is the remainder when 609568 is divided by 391?
390
Calculate the remainder when 782420 is divided by 72.
68
What is the remainder when 7015 is divided by 212?
19
Calculate the remainder when 18189 is divided by 77.
17
What is the remainder when 58871 is divided by 58868?
3
What is the remainder when 43385 is divided by 587?
534
Calculate the remainder when 16119160 is divided by 51.
49
What is the remainder when 4301 is divided by 40?
21
What is the remainder when 4101 is divided by 68?
21
Calculate the remainder when 770 is divided by 43.
39
What is the remainder when 31302 is divided by 93?
54
What is the remainder when 7260 is divided by 2412?
24
What is the remainder when 54304 is divided by 31?
23
What is the remainder when 36574 is divided by 3640?
174
What is the remainder when 4287 is divided by 1421?
24
What is the remainder when 2259 is divided by 674?
237
Calculate the remainder when 7494 is divided by 935.
14
Calculate the remainder when 2464 is divided by 558.
232
Calculate the remainder when 20476 is divided by 1902.
1456
What is the remainder when 3975 is divided by 202?
137
Calculate the remainder when 6394003 is divided by 1039.
1036
What is the remainder when 882 is divided by 8?
2
What is the remainder when 51308 is divided by 52?
36
What is the remainder when 4314 is divided by 27?
21
What is the remainder when 5640 is divided by 5561?
79
Calculate the remainder when 58947 is divided by 18.
15
Calculate the remainder when 856212 is divided by 359.
356
Calculate the remainder when 3635 is divided by 537.
413
Calculate the remainder when 243822 is divided by 392.
390
What is the remainder when 15710 is divided by 3138?
20
What is the remainder when 4423 is divided by 2144?
135
Calculate the remainder when 500860 is divided by 108.
64
Calculate the remainder when 11462 is divided by 946.
110
Calculate the remainder when 109303 is divided by 209.
205
What is the remainder when 41238 is divided by 20605?
28
Calculate the remainder when 77011 is divided by 22.
11
Calculate the remainder when 6944 is divided by 114.
104
What is the remainder when 1231151 is divided by 104?
103
What is the remainder when 240261 is divided by 284?
281
Calculate the remainder when 58201 is divided by 797.
20
Calculate the remainder when 56733 is divided by 10.
3
What is the remainder when 46009 is divided by 215?
214
Calculate the remainder when 99570 is divided by 778.
764
Calculate the remainder when 15303 is divided by 4839.
786
What is the remainder when 32743 is divided by 37?
35
Calculate the remainder when 8973 is divided by 346.
323
Calculate the remainder when 1195 is divided by 194.
31
Calculate the remainder when 9164 is divided by 613.
582
What is the remainder when 9645 is divided by 127?
120
Calculate the remainder when 10301 is divided by 101.
100
What is the remainder when 12671 is divided by 192?
191
What is the remainder when 3081 is divided by 279?
12
What is the remainder when 736881 is divided by 128?
113
What is the remainder when 130291 is divided by 5428?
19
Calculate the remainder when 655 is divided by 74.
63
Calculate the remainder when 29369 is divided by 4893.
11
Calculate the remainder when 2408 is divided by 735.
203
What is the remainder when 6648 is divided by 62?
14
What is the remainder when 10784 is divided by 1348?
0
Calculate the remainder when 65424 is divided by 696.
0
What is the remainder when 896 is divided by 103?
72
What is the remainder when 28201 is divided by 173?
2
Calculate the remainder when 515929 is divided by 1883.
1870
What is the remainder when 1066 is divided by 379?
308
What is the remainder when 52292 is divided by 3076?
0
What is the remainder when 232076 is divided by 77327?
95
Calculate the remainder when 3012 is divided by 116.
112
What is the remainder when 11228 is divided by 912?
284
Calculate the remainder when 161 is divided by 54